the value of (-5 - (-1 - (3 + -5))) + 1?
-5
What is (-7 + (1 - -5) - 6) + -1?
-8
Evaluate 5 + -18 + -20 + 33.
0
What is the value of (-13 - -3) + 7 - -4?
1
Evaluate -9 - (-12 - (-1 + -5 + 0)).
-3
Evaluate -1 + -8 - -16 - 4.
3
Calculate -8 - (-2 + -1 + -3).
-2
(-4 + (-6 - -5) - -1) + 6
2
What is the value of -7 - -12 - 0 - 7?
-2
What is the value of -2 - (-7 - (-16 + 7))?
-4
Calculate -10 + 5 + 8 - (-2 - 0).
5
Evaluate 2 + -4 - (-6 + 3 - 4).
5
Evaluate 4 + -10 - (-17 - (7 + -12)).
6
What is the value of 19 + (0 - 13) + (-5 - -1)?
2
Calculate (25 - 27) + (-2 - -2 - 2).
-4
Calculate -2 + 6 + 20 + -24.
0
Calculate -3 - (6 - ((10 - -2) + 1)).
4
What is the value of 4 + -7 + 1 + (-1 - -2)?
-1
Calculate -1 + (2 - 2) + -3.
-4
-2 + 4 + (12 - 4 - 6)
4
Calculate -17 - -24 - (0 - -3).
4
Evaluate (-9 - -7) + (3 - -1).
2
3 + -1 + 0 + 4 + -5
1
What is -1 + (-2 - (-4 - -3)) + 7?
5
Evaluate 0 + -1 + -9 + 12.
2
7 + (-1 - 6) - 2
-2
What is the value of (-2 - (-2 + -4)) + -6 + -2?
-4
What is (9 - (4 - 3)) + -12?
-4
What is -7 + 2 + 2 + -2 + 2?
-3
What is -8 + (-1 - (4 + -11))?
-2
-3 + (5 - 9) + 4
-3
What is 4 - (-3 + (6 + -8 - -2))?
7
Calculate (-8 - 5) + -10 + 15.
-8
What is 8 + (9 - 14) - (-1 - -6)?
-2
Calculate (4 - 1) + (-7 - (-9 + 4)).
1
-7 - ((0 - 1) + 2 + -4)
-4
What is the value of (5 - (-4 - -15)) + (-6 - -18)?
6
Calculate -3 + -1 - (16 - (-8 - -19)).
-9
1 + (4 + 1 + -2 - -1)
5
4 + -1 + (0 - -1) + -9
-5
-2 - ((4 + -9 - -7) + 4)
-8
Calculate -5 - (7 - (1 - -4)).
-7
Evaluate -1 + 2 + -1 + -1.
-1
What is the value of (21 - 25) + (1 - 0) + 8?
5
Calculate (5 - (3 - 1 - 6)) + -4.
5
Calculate 4 + -6 + 5 + -2 + 5.
6
What is (0 - 1) + (44 - 45)?
-2
Calculate 3 - (4 + (-13 - (3 + -9))).
6
Calculate 0 + (-9 + 8 - (0 - 2)).
1
-3 + (0 - -3 - -4) + 1
5
Evaluate -1 + -2 + 6 + 1 + -3.
1
What is -8 + 1 + -3 + 8?
-2
Calculate (-7 - -6) + (4 + -4 - 0).
-1
-8 + 7 - (-3 - 2 - -1)
3
What is -8 - (-4 - 12 - -4) - -2?
6
Calculate -8 + (7 - (16 - 13)).
-4
0 - (-4 + -7 + 12)
-1
Evaluate -8 + 0 + (11 - 7).
-4
-9 + 16 + -10 + 1
-2
-3 + -3 + 2 + (0 - 0)
-4
What is (-21 - -22) + (-1 + 1 - -1)?
2
Evaluate -60 - -52 - (-6 - 1).
-1
7 + (-19 + 5 - -5) + 7
5
Evaluate -59 + 60 + 1 + -1.
1
What is -11 + 5 + -3 + 8?
-1
0 + 2 + 1 - (-4 + 6)
1
5 + 0 + -12 + 1 + 1
-5
What is the value of 14 - (4 + 5) - (-3 + 9)?
-1
What is -1 + 0 + 5 + -4 + 8?
8
0 + -9 + -3 + 8
-4
Calculate (1 - 0) + 4 + -5 + 2.
2
3 - ((-2 - 2) + 6)
1
3 + -3 - (14 - 19)
5
Calculate 4 + 1 - (6 - 5).
4
Evaluate -8 + 1 + 2 - -2 - -5.
2
Evaluate -22 + 8 + 1 + 9.
-4
3 + -2 - (5 + (9 - 14))
1
What is 3 - (5 - 5 - -3)?
0
What is the value of 1 - 1 - (2 - (3 - 5))?
-4
Calculate -2 + (4 - 13) - -18.
7
Evaluate (-1 - (2 + -1)) + (-2 - 0).
-4
What is (-10 - (-5 + -6)) + -9?
-8
What is (6 - (0 + 5 - 7)) + -2?
6
Evaluate 1 + (-4 - -4) + -4 + 4.
1
What is -5 + -2 + 0 + 16?
9
Calculate 1 + 1 - 7 - -1.
-4
What is the value of (-3 - -2) + 14 - (-4 + 9)?
8
Evaluate (7 - 6) + 2 + -4 + 3.
2
Evaluate -1 + 2 + (1 - 5).
-3
Evaluate -11 - (-18 - (-16 + 8)).
-1
-3 + (-4 - (-11 + 5))
-1
What is (-7 + 17 - 8) + -2 + 8?
8
What is 0 + (-1 - -5) + 1 + -2?
3
Calculate 3 + -7 + 5 + -5.
-4
What is 4 + -4 + (0 - -3)?
3
Evaluate -4 - (3 + 1 - 9).
1
Evaluate (6 - (7 + -2)) + 1.
2
What is the value of (-11 - 1) + (2 - -6)?
-4
What is (1 - 2) + (-2 - (-1 - 1))?
-1
What is 3 + (2 - 2) + 3?
6
Evaluate (3 - (10 - 2)) + (4 - 2).
-3
What is the value of -3 + (-1 - -12) - 3?
5
Evaluate -4 + -1 + 83 + -82.
-4
What is the value of (3 - -5 - 2) + -4 - -1?
3
(-19 - -13) + (-2 - (-1 + 0))
-7
What is -19 + 23 - (0 - -3 - 0)?
1
-9 - (6 + -6) - -7
-2
0 + -3 + 5 + -1 - 4
-3
What is (-3 - -5 - 0 - -1) + 0?
3
What is -3 + 1 + -4 + 4?
-2
What is the value of -3 + (-4 - (-4 - (4 - 4)))?
-3
Evaluate -5 + 7 + -4 - -4.
2
What is the value of (-8 - -6 - (-1 - 4)) + 1?
4
Calculate (1 + 12 - 15) + 6.
4
-1 + -1 + (1 - -4) - 0
3
What is -118 + 108 - (-5 - -1)?
-6
Evaluate 5 - 0 - (17 + -18) - 4.
2
What is -1 - (-6 - (2 + 2 - 16))?
-7
What is the value of (-12 + 5 - -11) + 4 - 4?
4
What is the value of 5 + -2 - (-5 - -8)?
0
Evaluate 11 - -5 - 28 - (-3 + -1).
-8
What is (0 - (-2 + 5)) + 13 + -9?
1
Calculate (8 - 0) + -3 - 2.
3
Evaluate (-7 - (4 + -2 + -4)) + 3.
-2
Evaluate 3 + -8 - (-16 - -6).
5
Calculate 11 + -3 + -5 + (-3 - -1).
1
Evaluate -3 + 2 + (3 - 4) + -2.
-4
What is the value of -1 - (2 - (-8 - -9))?
-2
Evaluate -5 + (-12 - (9 + -3 - 13)).
-10
Evaluate -5 - (-4 - (-1 + (-4 - -5))).
-1
What is the value of 2 + -15 + (4 - -1)?
-8
-13 + -7 + 16 - (-9 - -1)
4
Calculate -3 + -7 + 26 + -19.
-3
Calculate (0 - 2) + (-3 - 3) + 7.
-1
What is -7 + 4 + -3 + 5 + 4?
3
(8 - 6 - 2) + (2 - 6)
-4
What is the value of 2 + -3 - (-1 + 2 + -1)?
-1
Calculate (-5 - 4) + 4 + (2 - -9).
6
Calculate (4 - 2) + -1 + -3 + 6.
4
Calculate (3 + -1 - (-5 + 4)) + 0.
3
Evaluate 9 + -10 + -5 + 10.
4
Evaluate 2 - (2 - 7 - -2).
5
Evaluate -2 + (8 - (-2 + 7)).
1
1 + (7 - -2) - 2
8
What is the value of 3 - (-2 + -3 - (-8 - -2))?
2
Calculate 4 - 11 - (-17 + 2).
8
Calculate -11 - (-6 - (8 + -13)).
-10
Evaluate -62 + 58 - (-3 - 0).
-1
What is 11 + -1 - (2 + 0)?
8
Calculate -1 + 5 + (1 - 8).
-3
-18 - (-2 + (0 - 8))
-8
4 + -2 - (-21 + 22)
1
What is -2 + 0 - (-16 - -9)?
5
What is the value of -3 + (-1 - 3) + 14 + -14?
-7
Calculate -3 + -5 + 7 + 1.
0
Evaluate (-2 - (0 - -3) - 0) + 1.
-4
12 - ((23 - 10) + -5)
4
What is -2 + -3 + (13 - 12)?
-4
What is the value of (-10 - 0) + 0 + 4?
-6
4 + -9 + 1 - (2 - 10)
4
Calculate -1 - 4 - (-4 - (1 + -5)).
-5
Calculate 3 - (6 + -6 + -2).
5
Calculate (-14 - (-14 + 7)) + 7.
0
What is the value of 8 + -2 + (-8 - 0 - -4)?
2
Calculate -55 - -57 - (1 - 4).
5
-1 - (4 + -2) - -9
6
Evaluate (23 - 14) + (1 - 13).
-3
What is the value of -1 - (8 + (-5 - 2) + 6)?
-8
What is the value of (-13 - 1) + (-36 - -46)?
-4
Calculate (-99 - -94) + 1 + 10.
6
(3 - 1) + -6 + -1 + 9
4
Calculate -6 - -9 - (8 - 14).
9
Calculate 1 + -16 - (9 + -4 + -13).
-7
Calculate -3 - ((-5 - -5) + 1 - 4).
0
Evaluate 2 + 4 + -3 - (-5 - -2).
6
10 - (6 + (-2 - -2))
4
What is 0 + (6 - 14) - -9?
1
What is 7 - 3 - (-6 - -10)?
0
Calculate (2 + -3 - 0) + 2 + -4.
-3
Calculate 2 - (-4 + (-1 - -7) + -3).
3
What is 2 - (-6 + (14 - 10))?
4
Calculate (-2 - 0 - 0) + 7.
5
What is the value of 0 - 4 - -5 - (0 + -2)?
3
Calculate 1 + (4 + -6 + -4 - -1).
-4
(-7 - (-6 + -5) - 7) + 2
-1
Calculate 42 + -41 + (1 - 1 - 3).
-2
(4 - 4 - -6) + -11 + -1
-6
-5 - -11 - (-3 + 2 + 3)
4
Evaluate (1 - 2) + -5 + -1 - -2.
-5
Evaluate 0 + (2 - 2) + 1.
1
-25 + 19 - (-3 - 3)
0
Calculate (-7 - -2) + 1 - -1 - -2.
-1
Calculate -6 + 2 - (-18 + 10 + 6).
-2
What is the value of 2 + (-1 - -1 - -4) + -2?
4
Evaluate 3 - (7 + 0 + -29 + 24).
1
What is (12 - 3) + -7 - (7 + -1)?
-4
-1 + (-5 + 6 - 4)
-4
Calculate 5 + (4 - 4) - 5.
0
Evaluate -1 - (-7 - -1) - 2.
3
What is -1 + -5 + (-6 - (3 + -12))?
-3
Calculate 0 - (0 + 1 + 2).
-3
1 + -4 + (-6 - -9)
0
Calculate -3 + 1 - (0 + -6).
4
-4 - (-3 + 3 - 3)
-1
(-1 + 3 - 0) + -1 + 1
2
What is -7 - (-4 + 1 + 1)?
-5
6 - (-7 + 7 + 7)
-1
(-3 - -2) + 7 + -9
-3
What is -1 + (3 - 5 - -1) - 3?
-5
Calculate 10 + -10 + (0 - -5).
5
What is the value of (-4 - (-1 + -1)) + -11 + 9?
-4
What is the value of (4 - (-2 + 3) - -1) + -8?
-4
-4 + 1 - (79 + -84)
2
What is -15 + 13 - (-1 + 1 + 0)?
-2
Evaluate -5 - (-6 + -3) - 9.
-5
-3 + (0 - -4) + (18 - 22)
-3
-3 - -4 - (2 + -1)
0
What is -1 + 4 + (4 - 10)?
-3
Calculate (3 + -9 - -11) + -11.
-6
What is the value of -1 + 5 - 2 - (10 - 8)?
0
Evaluate (-16 - (-11 + 4)) + 3.
-6
What is -1 - (-8 + 17) - -2?
-8
What is the value of -1 + -1 + (0 - 0 - 2)?
-4
What is the value of -4 + -2 + (-2 - (4 - 11))?
-1
Evaluate 2 + (3 + 1 - 4 - 4).
-2
What is the value of 40 + -37 + 1 + -17 + 2?
-11
Calculate -4 + (-4 + 1 - (14 - 22)).
1
What is the value of (7 - 13) + (7 - 0)?
1
What is the value of -26 + 12 + 13 + (-1 - 4)?
-6
What is 0 - (0 - ((-1 - -5) + -5))?
-1
What is the value of 3 + 2 + (-14 - -3 - -11)?
5
Evaluate (-2 - -1 - 3) + 3.
-1
Calculate 6 + 0 + -8 + 3 + 0.
1
Evaluate (-4 - -1) + -1 + 10.
6
What is (-4 - 0) + (3 - -3)?
2
What is the value of -2 - (7 + -10 + 8)?
-7
What is the value of -7 + 7 - -6 - 2?
4
What is the value of 1 + 5 + -1 + (-59 - -56)?
2
What is the value of 1 + 6 + -1 - (1 + 2)?
3
Calculate -3 - -9 - 21